 is divided by 14?
12
Suppose -g + 2 = -54. Suppose 0 = -5*u + u + g. Calculate the remainder when 53 is divided by u.
11
Suppose 8*z - 220 = 3*z. What is the remainder when z is divided by 15?
14
Suppose 0 = 5*d - 64 + 14. Suppose 3*l - l - d = 0. What is the remainder when 19 is divided by l?
4
Calculate the remainder when 10 is divided by -2*(-2)/(-10) - 384/(-60).
4
Calculate the remainder when 114/(-8)*4/(2 - 3) is divided by 30.
27
Suppose -2*b - 45 = -7*b. Suppose -5*s = -b - 96. Calculate the remainder when (42 - 0) + 4/(-2) is divided by s.
19
Let c(f) = -2*f + 2. Let o(u) = 4*u - 3. Calculate the remainder when o(7) is divided by c(-6).
11
Suppose -8*k + 37 = -3*k + a, 3*k - 5*a = 11. What is the remainder when 6*((-16)/(-3) + -2) is divided by k?
6
Calculate the remainder when (-3)/(-21) - (-1592)/28 is divided by 15.
12
Calculate the remainder when 50*(-1)/(-4)*2 is divided by 10.
5
Suppose 0 = -q - 3*r + 47, -q - q - 3*r + 97 = 0. Suppose -q = 8*t - 9*t. Calculate the remainder when t is divided by 26.
24
Suppose -14*g + 358 - 36 = 0. Calculate the remainder when 80 is divided by g.
11
Let d(a) = -a**3 + 2*a**2 + a - 4. Let b(s) = s**3 - 8*s**2 + s - 4. Let j be b(8). Let r = -7 + j. Calculate the remainder when d(r) is divided by 20.
18
Let h(g) = -g. Let d be h(-2). Suppose 15 = d*z - 3. What is the remainder when z is divided by 5?
4
Let x = 15 + -9. Let o = 29 - 19. What is the remainder when 61 is divided by x/o + (-306)/(-15)?
19
Suppose 2 = -o - 3. Let t = o + 5. Suppose t = 3*r - 2*r - 1. What is the remainder when 1 is divided by r?
0
Let y(b) be the second derivative of -b**5/20 + b**4/3 - b**3/3 + 3*b**2/2 + 5*b. What is the remainder when 23 is divided by y(3)?
5
Suppose 0 = -0*u + 4*u - 72. What is the remainder when u is divided by 5?
3
Let a(m) be the second derivative of 2*m**3/3 - 11*m**2/2 + m. Calculate the remainder when a(9) is divided by 7.
4
Let p = 29 - 21. Calculate the remainder when p is divided by 2.
0
Let g = -346 - -625. Calculate the remainder when (8/12)/(2/g) is divided by 24.
21
Suppose -3*s = 3 - 18. Let t(y) = y - 2. Suppose -3*b - b = -16. Calculate the remainder when b is divided by t(s).
1
What is the remainder when 68 is divided by -5 - (-405)/21 - (-4)/(-14)?
12
Suppose -4*m + 0*m - 8 = 0. Calculate the remainder when 21 is divided by m/(-6) + (-175)/(-15).
9
Let g = -17 + 50. What is the remainder when g is divided by 7?
5
Let y(s) = -5*s**3 + 3*s**2 + 3*s. Let w be y(-2). Suppose -3*x + 22 = -f - 6*x, 5*f = x - w. Calculate the remainder when (-4)/f - 192/(-20) is divided by 6.
4
Let v(b) = b**2 - 4. Suppose f - 1 = -u, -4*f = -5*f - 2. Let p be v(u). Suppose p*a - 100 = 150. What is the remainder when a is divided by 13?
11
Let o = 12 + 13. Suppose 4*n - n = 2*t + 9, -5*n = -o. What is the remainder when 5 is divided by t?
2
Suppose 3*y - y = 72. Let k = y - 21. What is the remainder when k is divided by 8?
7
What is the remainder when 1 + 78 - (5 - 4) is divided by 21?
15
Let v = -7 + 74. What is the remainder when v is divided by 18?
13
Suppose 9 + 3 = 3*y, -5*y = -3*b + 7. What is the remainder when 23 is divided by b?
5
Suppose l - 4 = -0*u - 3*u, 12 = 4*u + 3*l. Let t = 3 - u. Suppose -5*i - t*k + 55 = 0, -2*k = 2*i + 3*i - 50. What is the remainder when 15 is divided by i?
7
Let u(c) = -c**3 + 5*c**2 - 2*c - 1. Let w be u(4). Let y be (-12)/w - (-6)/(-21). Let o = 11 + y. What is the remainder when 17 is divided by o?
8
Let o(y) = y**3 - 6*y**2 - 3*y - 8. Calculate the remainder when 57 is divided by o(7).
17
Let h(k) = 7*k**2 - 6*k - 1 + 3 + 2 - k**3. Let i be h(6). Let r = 7 + i. Calculate the remainder when r is divided by 6.
5
Suppose 0 = -7*m + 122 + 95. What is the remainder when 59 is divided by m?
28
Let x(q) = 2*q**3 - 3*q**2 + 2*q - 1. Let p = 9 + -7. Let g be x(p). Let o = g + -4. What is the remainder when 4 is divided by o?
1
Suppose y = 4*s - 88, y = -4*s + 2*s + 38. Suppose 2*c + 5*n = -3, -n + 4*n - 40 = -5*c. What is the remainder when s is divided by c?
10
Let f(j) = -j**2 - 9*j - 9. Let m be f(-7). Suppose -3*b + 1 + 2 = 0, -m*l = 2*b - 67. Calculate the remainder when 51 is divided by l.
12
Let m(z) = -1. Let v(n) = -n + 3. Let g(d) = -4*m(d) + v(d). What is the remainder when (-7 + 5)/(1/(-19)) is divided by g(-6)?
12
Let t be 4 + (-2 - -2)*-1. Suppose -3*b = -q + b + 15, 4*q + t*b = 20. What is the remainder when 27 is divided by q?
6
Let r = 23 + 9. Calculate the remainder when r is divided by 8 + (6 - 8) + 5.
10
Let x(u) = u**2 - 10*u + 20. What is the remainder when 122 is divided by x(11)?
29
Let m = 22 + -12. Suppose 2*j + 16 = 2*k + j, -2*j - 8 = 0. What is the remainder when m is divided by k?
4
Let x(s) = 7*s. Suppose 0 = c - 5*m - 37, 0 = -0*c - 5*c + 4*m + 80. Let p = c - 1. What is the remainder when x(3) is divided by p?
10
Let z(i) = 3*i - 5. What is the remainder when 6 is divided by z(2)?
0
Suppose p + p - 6 = 0. Suppose -3*d - 15 = -2*l, l = 4*d - 3*l + 20. Calculate the remainder when 4 + d - (0 + -9) is divided by p.
2
Let q = 10 + 1. Calculate the remainder when 43 is divided by q.
10
Let g(d) = 2*d + 8. Let a = 15 + -10. Suppose 0 = z + 2*k - 6 - 14, a*z - 3*k - 165 = 0. What is the remainder when z is divided by g(0)?
6
Let a(x) = -4*x - 1. Let d be a(1). What is the remainder when (9 - 0)/(d/(-5)) is divided by 3?
0
Suppose 5*x = -2*c + 31, -5 - 5 = -5*c + x. Suppose w = 4*u + 25, 25 = -8*u + c*u. Calculate the remainder when 9 is divided by w.
4
Suppose 0 = -n - 4 + 9, 0 = 2*z - 2*n. Suppose 0 = -z*y + 40 + 40. Calculate the remainder when y is divided by 6.
4
Calculate the remainder when 62 is divided by 6/15 - (-78)/5.
14
Let k(m) = -4*m - 13. What is the remainder when 71 is divided by k(-7)?
11
Suppose 48*j = 46*j + 42. What is the remainder when 39 is divided by j?
18
Suppose 376 = 3*a - 107. What is the remainder when a is divided by 27?
26
Let d = -2 - -5. Suppose 2*l + 57 = -5*c + 182, -2*c = d*l - 61. What is the remainder when 68 is divided by c?
22
Let m = -3 - -29. What is the remainder when 49 is divided by m?
23
Suppose p = 2*p - 24. Let i(d) = -8*d - 34. Calculate the remainder when p is divided by i(-6).
10
What is the remainder when 21 - 3/(-2 - -5) is divided by 6?
2
Suppose 0 = 3*d + 16 - 73. Let s = 28 - d. Calculate the remainder when 25 is divided by s.
7
What is the remainder when 35 is divided by (7/14)/(2 - 75/38)?
16
Let b(g) = g - 1. Let w be 3/(-12) + (-42)/(-8). Calculate the remainder when b(w) is divided by 2.
0
Suppose -z = z + 4. Let k(c) = c**2 + 3*c + 3. Let w be k(z). Calculate the remainder when -2*w + 4*10 is divided by 13.
12
What is the remainder when 64/3 - (-3)/(-9) is divided by 12?
9
Let z = 2 + 2. Suppose 4*k - 40 = -z*j - 0*k, 2*j - 14 = -5*k. What is the remainder when 23 is divided by j?
11
Suppose u - 8 - 3 = 5*k, 3*u = k + 47. What is the remainder when 29 is divided by u?
13
Suppose -b + 51 = 2*b + 3*m, -b + 26 = -2*m. Calculate the remainder when 39 is divided by b.
19
Suppose l = -2*l. Suppose 0 = 2*s - l*s - 6. Suppose 0 = s*a + 9 - 42. Calculate the remainder when a is divided by 6.
5
Suppose 2*a - 7*a + 230 = 0. What is the remainder when a is divided by 12?
10
Let h(m) = -m**3 + 12*m**2 + 13*m + 3. Let g be h(13). Suppose -g*p = -p - 8. What is the remainder when 9 is divided by p?
1
Let s = 81 + -52. What is the remainder when s is divided by -7*10*2/(-14)?
9
Suppose 2*x + 84 = 324. Let w = x + -82. Calculate the remainder when w is divided by ((-20)/(-7))/((-12)/(-42)).
8
Suppose 2*x = -18 + 6. Let a = x + 17. Calculate the remainder when 30 is divided by a.
8
Suppose -22 = -d - 4*t, 0 = 3*t - 8*t + 15. Let n be (d/25)/((-2)/(-40)). What is the remainder when 300/n - (-1)/2 is divided by 13?
12
Suppose -1 = -i + 3. Let o be (98/(-21))/(i/6). Let w = -6 - o. What is the remainder when 1 is divided by w?
0
Calculate the remainder when 3 is divided by 3 - (-1 + 6/2).
0
Let q(w) = 37*w**2 - 1. Calculate the remainder when q(1) is divided by 10.
6
Calculate the remainder when 127 is divided by (-6)/((-1)/(-16)*-3).
31
What is the remainder when -1*(-36)/(1 - -3) is divided by 2 + (-1)/((-3)/9)?
4
Calculate the remainder when (-206 - 0)*(-1)/2 is divided by 26.
25
Suppose 3*a + 3 